= -n(y) - 3*r(y). Let s = -10 - -17. What is the tens digit of b(s)?
1
What is the hundreds digit of -231*148/(-8)*10/15?
8
What is the units digit of 10 + 27110/5 + 7?
9
Suppose 4*w - 15 - 39 = -3*s, -78 = -3*s + 4*w. Suppose -s = -j + 7. What is the tens digit of j?
2
Suppose 0 = o + 8 - 20. Suppose 4*x + 24 = -4*a, -6*x + 3*a - 36 = -3*x. Let y = x + o. What is the units digit of y?
3
What is the tens digit of (-3 + 4 - 5)/1 + 339?
3
Suppose 6 - 10 = -2*c. Suppose 0 = -4*z + 2*w + 6, 2*z - 4*w = -3*z + 3. Suppose -3*q = -c*q - z. What is the units digit of q?
3
What is the hundreds digit of 1179*(-18)/(-324)*(72 - -2)?
8
Let j = 67 + -62. Let l(o) be the third derivative of o**6/120 - o**5/20 - o**4/6 + o**3/3 + o**2. What is the tens digit of l(j)?
3
Suppose 7 = m + 3. Let g be -2 + m/(4/29). Let k = 9 + g. What is the units digit of k?
6
Let w be (1 - 2)/(-1 + 0). Let l be 2 - (4 - w) - -6. Suppose 79 = l*o - 96. What is the units digit of o?
5
Suppose 3*b - b - 94 = -2*i, -b + 42 = -4*i. Suppose 48*q - b*q = 168. What is the units digit of q?
4
Let w be 96/(2*(3 - (-15)/(-6))). Suppose -b - 2*p + 5 = -12, 3*b = 3*p + w. What is the tens digit of b?
2
Let w be 36/(-54) - (-220)/6. Let p be 3/((w/8)/3). Suppose 138 = -3*j + 5*j + 2*x, -2*x = -p*j + 126. What is the tens digit of j?
6
Let q be (12/18)/(1*(-4)/(-1614)). Let i = q - 87. What is the hundreds digit of i?
1
Let w be 47/9 + 4/(-18). Suppose -4*q + w = -3. Suppose -q*s + 48 = 2*s. What is the units digit of s?
2
Let a = -49 - -40. What is the units digit of (31158/(-30))/a + 4/(-10)?
5
Let g(f) = -2*f + 86. Let x be (-1)/4 + (-8)/(-32). What is the units digit of g(x)?
6
Let u be (3 - 1)/(-2)*-2. Suppose -5*s = 4*x - 195, -150 = -5*s + u*x + 3*x. What is the units digit of s?
5
Let l be 32/(-18) + (-24)/108. What is the tens digit of 2 + -1 - 46*l?
9
Let d = 2108 + 474. What is the units digit of d?
2
Let b(a) = 35*a**2 + 1. Let d be b(-1). Let f = d - 24. What is the tens digit of 1 - 5 - (f + -52)?
3
Let o(b) be the second derivative of -35*b**4/12 - 7*b**2/2 - 2*b. Let t(n) be the first derivative of o(n). What is the tens digit of t(-1)?
7
Let z(m) = 134*m - 257. What is the tens digit of z(3)?
4
What is the units digit of 173*(-56)/(-3 + -4)?
4
Suppose 0 = -7*d - 4 - 31. Let v(q) = -4*q. Let a be v(2). Let t = d - a. What is the units digit of t?
3
Let l = -3961 + 6528. What is the thousands digit of l?
2
Let t = -974 + 1106. What is the hundreds digit of t?
1
Let f = -2433 - -3778. What is the thousands digit of f?
1
Suppose 0 = 3*f - 3, 0 = -3*y + 5*y - 4*f. Suppose 4*d + 20 = v, 0*v - v = d + 5. Suppose -y*a - 4*a + 48 = v. What is the units digit of a?
8
Let z be (27/18)/((-2)/(-380)). Let l = -190 + z. What is the tens digit of l?
9
Let l(p) be the third derivative of -p**5/60 + 13*p**4/24 - 3*p**3/2 - 2*p**2. Let f = 41 - 30. What is the units digit of l(f)?
3
Suppose 5*i - 18 = -4*i. Suppose h = -i*h + 315. What is the hundreds digit of h?
1
What is the units digit of 783*(2/(-5) + (-42)/(-30))?
3
Let j be (-4)/(-6) - (-24)/18. Suppose x + 2*k - 70 = 6*k, 3*x - j*k = 160. What is the tens digit of x?
5
What is the tens digit of 717 + (-204)/(-153)*3/4?
1
Suppose 12 = -2*x - 4*x. Let s(a) = -25*a**3 + a**2 + 1. Let z be s(x). Suppose -5*i + 2*i = -4*w - 137, 2*w = 5*i - z. What is the tens digit of i?
3
What is the tens digit of 397 + (2 - 1)*(-24)/6?
9
What is the units digit of -85*(7 - 1872/30)?
9
Suppose 4*i + 8 + 0 = 0. Let g be 316/8 + 1/i. Suppose 4*v - 29 = g. What is the units digit of v?
7
Let c = 524 + -173. What is the tens digit of c?
5
What is the thousands digit of -7 + 2908/(-4 - -6)?
1
Suppose 5*p = 2*k + 23825, 2*p - 909 = 2*k + 8627. What is the tens digit of p?
6
Let s be 24/6 - (2 + -3). Suppose -l = s*v - 178, 3*l + 7*v = 3*v + 578. What is the tens digit of l?
9
Let d(k) = k**3 - 8*k**2 + 10*k - 5. Let a be d(8). Suppose 0 = 3*f - a - 126. What is the units digit of f?
7
Let d = 20 - 10. Let i be 6*(d/3)/5. Suppose -27 = -i*j + 17. What is the tens digit of j?
1
Let y = 31 - 34. What is the hundreds digit of (-9 + -1)*80/12*y?
2
Let t(h) = h**2 - h - 1. Let s(p) = 25*p**2 + 4*p + 7. Let j(c) = s(c) - 2*t(c). What is the units digit of j(-2)?
9
Suppose -263*z + 155 = -262*z. Let k = 348 - z. What is the units digit of k?
3
Let l be ((-76)/(-8) + 4)*-2. What is the tens digit of (-66)/4*-6*(-6)/l?
2
Let l(v) = -4*v**2 - 5*v + 33. Let u(z) = 7*z**2 + 10*z - 67. Let i(y) = -11*l(y) - 6*u(y). What is the units digit of i(6)?
1
Let f(j) = -j**3 + 11*j**2 + 11*j + 14. Let o be f(12). Suppose -2*m = o*m - 8. Suppose 2*n + 76 = m*c + 4*n, -4*n = -3*c + 121. What is the tens digit of c?
3
Let q(u) = 130*u**3 - 45*u**3 + u**2 - 2*u**2 + 2*u. What is the units digit of q(1)?
6
Suppose 0 = l + g - 171, 0 = 3*l - 5*g - 556 + 11. What is the hundreds digit of l?
1
Suppose -10681 + 125381 = 124*p. What is the units digit of p?
5
Let p = -35 + 472. What is the hundreds digit of p?
4
Let x(o) = 3*o**2 + 3*o + 6*o - 4*o**2 + 2*o**2 + 1. Let c be x(-9). What is the tens digit of (-7)/c*(-36)/21?
1
Suppose -31*m = 3*m - 75752. What is the tens digit of m?
2
Suppose -8712 = -3*h - 3*n, 7*h - 11*h + 11621 = 3*n. What is the units digit of h?
9
Let t(y) = 60*y + 6. What is the tens digit of t(17)?
2
Let c = -469 - -729. Suppose -3*x + c = 2*v, v - 2 = -v. What is the units digit of x?
6
Let h(g) = g**3 - 6*g**2 + 12*g - 7. Let k be h(3). Suppose 3*c = -2*f + 547, c - 364 = -c - k*f. What is the tens digit of c?
8
Let o be 22/(-18) + (-6)/(-27). Let p = o - 10. Let a = 21 + p. What is the tens digit of a?
1
Let l(h) = h**2 + 3*h + 4. Let z be l(-10). Let p = z + -113. Let g = p + 77. What is the tens digit of g?
3
Let d(q) = 0 + 9 - 3 + 15*q - 10. Suppose -f = 2*r - 4*r + 9, 0 = 2*f + 10. What is the units digit of d(r)?
6
Let p(h) = h**2 + 4*h. Let k = 0 + 1. Let g be -2 + -1 - 2/k. What is the units digit of p(g)?
5
Suppose 80*y - 65*y = 18720. What is the units digit of y?
8
Let a be (-32)/24*126/2. Let v = a - -159. Suppose 10 = -2*f, -2*s + 3*f = -v - 8. What is the units digit of s?
4
Let l be (-2)/4 + (-30)/(-12). Let i be (-4)/(-8) - (-3)/l. Suppose u - q + 3*q + 2 = 0, i*q = 5*u - 50. What is the units digit of u?
8
Suppose -17*q + 9394 = 27. What is the hundreds digit of q?
5
Let j be (18/(-27))/(-1 - 15/(-18)). Suppose -q = -4*o - j*q + 310, 77 = o + q. What is the units digit of o?
9
Let y be ((-16)/(-10))/((-37)/(-185)). Suppose -94 = -y*g + 2514. What is the tens digit of g?
2
Let u be ((-9)/6)/((-1)/10). Let f(w) = -w - 19. Let h(n) = 6*n + 132. Let k(s) = -27*f(s) - 4*h(s). What is the tens digit of k(u)?
3
Let s = -730 + 3318. What is the hundreds digit of s?
5
Suppose 0*u + 656 = 4*u. What is the tens digit of (-5 - u/(-3)) + 2/6?
5
Let q = -47 + 12. Let f be 376/10 - 14/q. Suppose -5*s = w - f, -5*w - 5*s + 86 = -84. What is the tens digit of w?
3
Let i(r) = 16*r - 93. Let a be i(6). Suppose 4*y = -b + 204 - 4, -5*b + 3*y = -1000. Suppose -55 = -d - 3*u, 5*u - 3*u - b = -a*d. What is the tens digit of d?
7
Let p be (-2*1)/(5/20). Let r = p - -12. Suppose -3*d + r*z = -2*d - 33, -60 = -3*d - z. What is the tens digit of d?
2
What is the hundreds digit of 19*((-4)/8)/((-5)/150)?
2
Suppose 45*g = 41*g - 200. Let d be (2 - 10/4)*38. Let h = d - g. What is the units digit of h?
1
Suppose 7*b + 160 = -309. Let w = 128 + b. What is the units digit of w?
1
Let z = -1289 - -3073. What is the tens digit of z?
8
Let z(p) = 2*p**2 + 7*p - 4. Let m be z(-6). Suppose m - 6 = 4*d. Suppose 4*a + o - 60 = 5*o, 3*o - 59 = -d*a. What is the units digit of a?
3
Let m = 32 - 1. Suppose -2*z + 3 = -z. Suppose -z*o - o - 5*v + m = 0, 5*v + 67 = 3*o. What is the tens digit of o?
1
What is the units digit of (28/3)/(4/24)?
6
What is the thousands digit of 1118 + -6 - (-2 + 2 - -6)?
1
Let h be (20/12)/(2/2118) + -1. What is the units digit of (-1)/1 - h/(-7)?
1
Let x = -1 - -26. What is the units digit of x?
5
Let w = 1786 - -1349. What is the units digit of w?
5
Suppose 0 = 19*q + 8320 - 43432. What is the thousands digit of q?
1
Suppose 30*o = 63*o - 91179. What is the hundreds digit of o?
7
Suppose 3*c - 1 = 5*g - 22, -5*c = 2*g - 27. Let h = -2 - g. Let o = h - -11. Wha